f 434642?
4
What is the thousands digit of 408264?
8
What is the ten thousands digit of 4033586?
3
What is the hundred thousands digit of 13398811?
3
What is the units digit of 497988?
8
What is the tens digit of 366251?
5
What is the hundreds digit of 670593?
5
What is the ten millions digit of 15057131?
1
What is the units digit of 946146?
6
What is the thousands digit of 363199?
3
What is the ten thousands digit of 2324106?
2
What is the hundred thousands digit of 607690?
6
What is the millions digit of 40268656?
0
What is the thousands digit of 26209663?
9
What is the hundred thousands digit of 1203701?
2
What is the ten thousands digit of 427899?
2
What is the hundred thousands digit of 725321?
7
What is the ten thousands digit of 278501?
7
What is the hundreds digit of 565758?
7
What is the thousands digit of 16733538?
3
What is the hundred thousands digit of 146461?
1
What is the tens digit of 714623?
2
What is the units digit of 1443077?
7
What is the tens digit of 1158342?
4
What is the thousands digit of 330273?
0
What is the ten thousands digit of 54573?
5
What is the ten thousands digit of 734946?
3
What is the millions digit of 3140404?
3
What is the hundred thousands digit of 1152057?
1
What is the tens digit of 428162?
6
What is the ten thousands digit of 1401612?
0
What is the millions digit of 1047842?
1
What is the hundred thousands digit of 354495?
3
What is the ten thousands digit of 12065?
1
What is the thousands digit of 233438?
3
What is the thousands digit of 194499?
4
What is the thousands digit of 462021?
2
What is the tens digit of 615310?
1
What is the units digit of 5011704?
4
What is the ten thousands digit of 12329171?
2
What is the thousands digit of 8939359?
9
What is the hundred thousands digit of 466300?
4
What is the ten thousands digit of 3194895?
9
What is the tens digit of 2230125?
2
What is the hundred thousands digit of 810780?
8
What is the millions digit of 3332827?
3
What is the hundreds digit of 162907?
9
What is the units digit of 77536?
6
What is the hundreds digit of 512836?
8
What is the tens digit of 39378?
7
What is the units digit of 19738765?
5
What is the ten thousands digit of 546245?
4
What is the thousands digit of 2135845?
5
What is the ten thousands digit of 11908279?
0
What is the hundred thousands digit of 4339428?
3
What is the thousands digit of 23539913?
9
What is the thousands digit of 4850648?
0
What is the tens digit of 135229?
2
What is the hundreds digit of 1806013?
0
What is the millions digit of 1891085?
1
What is the tens digit of 108382?
8
What is the hundred thousands digit of 262352?
2
What is the hundreds digit of 12610884?
8
What is the thousands digit of 419293?
9
What is the ten thousands digit of 3673552?
7
What is the millions digit of 5969882?
5
What is the ten thousands digit of 248745?
4
What is the millions digit of 8433457?
8
What is the hundreds digit of 1027988?
9
What is the thousands digit of 1660178?
0
What is the thousands digit of 3248205?
8
What is the hundreds digit of 9304818?
8
What is the units digit of 3550587?
7
What is the hundreds digit of 426150?
1
What is the ten thousands digit of 172731?
7
What is the units digit of 352416?
6
What is the ten thousands digit of 532356?
3
What is the ten thousands digit of 519777?
1
What is the units digit of 7675439?
9
What is the ten thousands digit of 1028935?
2
What is the hundreds digit of 571597?
5
What is the hundreds digit of 702918?
9
What is the hundred thousands digit of 667794?
6
What is the tens digit of 1426463?
6
What is the hundreds digit of 139761?
7
What is the millions digit of 2483704?
2
What is the ten thousands digit of 49396?
4
What is the ten thousands digit of 67550?
6
What is the thousands digit of 2045968?
5
What is the hundreds digit of 271821?
8
What is the hundred thousands digit of 1158562?
1
What is the ten thousands digit of 188944?
8
What is the millions digit of 7903119?
7
What is the thousands digit of 11572919?
2
What is the hundred thousands digit of 357408?
3
What is the units digit of 205271?
1
What is the units digit of 3927379?
9
What is the thousands digit of 841603?
1
What is the hundreds digit of 3920330?
3
What is the thousands digit of 571675?
1
What is the ten thousands digit of 799908?
9
What is the ten thousands digit of 1104062?
0
What is the hundred thousands digit of 11134482?
1
What is the hundreds digit of 2786378?
3
What is the tens digit of 1937901?
0
What is the hundred thousands digit of 533732?
5
What is the ten thousands digit of 5447543?
4
What is the hundred thousands digit of 2565131?
5
What is the tens digit of 5309631?
3
What is the ten thousands digit of 529170?
2
What is the hundred thousands digit of 7941740?
9
What is the ten thousands digit of 15697?
1
What is the ten thousands digit of 13222916?
2
What is the tens digit of 1171756?
5
What is the units digit of 2454100?
0
What is the ten millions digit of 14317573?
1
What is the tens digit of 59236?
3
What is the units digit of 182021?
1
What is the units digit of 37173211?
1
What is the ten thousands digit of 1080637?
8
What is the tens digit of 12961097?
9
What is the hundred thousands digit of 4726365?
7
What is the ten thousands digit of 1134163?
3
What is the tens digit of 1043527?
2
What is the hundreds digit of 1788756?
7
What is the tens digit of 1328873?
7
What is the tens digit of 3364124?
2
What is the units digit of 632793?
3
What is the units digit of 2004919?
9
What is the hundred thousands digit of 448341?
4
What is the hundred thousands digit of 731266?
7
What is the ten thousands digit of 73911?
7
What is the thousands digit of 1871413?
1
What is the thousands digit of 425554?
5
What is the thousands digit of 39183152?
3
What is the units digit of 12502?
2
What is the units digit of 363727?
7
What is the thousands digit of 101112?
1
What is the hundred thousands digit of 963406?
9
What is the thousands digit of 1158046?
8
What is the hundreds digit of 2795255?
2
What is the tens digit of 536506?
0
What is the millions digit of 4309600?
4
What is the units digit of 11666430?
0
What is the hundreds digit of 141565?
5
What is the tens digit of 896098?
9
What is the units digit of 489467?
7
What is the ten thousands digit of 3306876?
0
What is the ten thousands digit of 1856611?
5
What is the thousands digit of 9395283?
5
What is the thousands digit of 4534427?
4
What is the hundreds digit of 6688295?
2
What is the units digit of 886673?
3
What is the ten thousands digit of 4582969?
8
What is the thousands digit of 110342?
0
What is the hundred thousands digit of 551752?
5
What is the tens digit of 47155?
5
What is the units digit of 5046544?
4
What is the hundred thousands digit of 29033577?
0
What is the ten thousands digit of 3911523?
1
What is the thousands digit of 9950805?
0
What is the ten thousands digit of 720951?
2
What is the units digit of 896616?
6
What is the thousands digit of 811483?
1
What is the ten thousands digit of 2835483?
3
What is the thousands digit of 35918751?
8
What is the tens digit of 383333?
3
What is the hundred thousands digit of 200400?
2
What is the tens digit of 1558837?
3
What is the ten thousands digit of 4653080?
5
What is the tens digit of 888644?
4
What is the tens digit of 3276956?
5
What is the hundred thousands digit of 174073?
1
What is the hundreds digit of 2130022?
0
What is the thousands digit of 719043?
9
What is the hundreds digit of 7124603?
6
What is the hundreds digit of 1774531?
5
What is the hundred thousands digit of 1089537?
0
What is the ten thousands digit of 188942?
8
What is the hundred thousands digit of 871234?
8
What is the tens digit of 7077386?
8
What is the hundreds digit of 996551?
5
What is the tens digit of 508435?
3
What is the hundred thousands digit of 165712?
1
What is the ten millions digit of 17133725?
1
What is the ten millions digit of 13493418?
1
What is the hundred thousands digit of 8628076?
6
What is the units digit of 15827389?
9
What is the hundred thousands digit of 401855?
4
What is the ten thousands digit of 1024371?
2
What is the tens digit of 17373884?
8
What is the ten thousands digit of 721643?
2
What is the hundred thousands digit of 6616525?
6
What is the ten thousands digit of 2